j(d) = -d - 1. Let r(t) = 5*t + 10. Let l(f) = 6*j(f) + r(f). Let n(s) = -s**3 + 2*s**2 + 3*s + 2. Let c be n(-1). What is l(c)?
2
Suppose -24*o + 33*o - 81 = 0. Let n(q) = 6*q - 1 - 11 + o - 5 + q**2. Let b = -1 - 6. Determine n(b).
-1
Let f(s) = -s - 1 - 5*s - 3 + 3*s + s**2 - 4. Let o(q) = -q**2 + 7*q - 6. Let p be o(4). Determine f(p).
10
Suppose -b = 0, 0 = -2*v + 4*b + 3 + 3. Suppose -36 = -3*x + 18. Let q(r) = -18 + r - r**2 + x + r. Give q(v).
-3
Let n(m) = -m**2 - 10*m - 942 + 489 + 467 + 0*m**2. Calculate n(-13).
-25
Suppose 0 = -4*k - 8, 5*k + 25 = -52*p + 57*p. Let c(l) = 6*l - 13. Give c(p).
5
Suppose 5*o - 3*c = 72, -o + 12 = c - 4*c. Let x(b) = 5*b - o + 10 - b**2 - 2*b. Calculate x(5).
-15
Let k(d) = -2*d + 3. Let a(r) = -1. Let o(t) = 2*a(t) + 2*k(t). Determine o(3).
-8
Let f(d) = 0*d - 8*d - 2581 + 2574 + 0*d - d**2. Give f(-6).
5
Let y(t) be the third derivative of t**5/60 - t**4/12 + 29*t**2. Suppose 0 = -5*c, 2*c = -k + 6*c + 2. Give y(k).
0
Let s(h) = -3*h**3 - 16*h**2 + 19*h - 15. Let a = 72 - 67. Let l(v) = -4*v**3 - 24*v**2 + 28*v - 22. Let r(j) = a*l(j) - 7*s(j). Calculate r(7).
-5
Let n(v) = -v**2 - 8 - 160*v + 82*v + 73*v. Determine n(-6).
-14
Suppose 14*c - 53 = 101. Let u(n) = -n**3 + 13*n**2 - 16*n - 4. Calculate u(c).
62
Let u(p) = p**2 + 14*p + 3. Let m be u(0). Let k(o) = o - 3. Give k(m).
0
Let p(k) = k**3 + 3*k**2 - 6*k - 12. Let t be 1/3*72/(-16)*2. Determine p(t).
6
Let w be 36/60*100/12 - 9. Let l(y) = 2*y**2 + 5*y - 2. What is l(w)?
10
Let q(m) = -m**2 - 12*m + 11. Let f(z) = -z**3 - 55*z**2 + 58*z + 102. Let t be f(-56). Calculate q(t).
31
Let n(r) = 2 + 6 + r**2 + 7*r + 0*r**2. Suppose 6*y = 3*y. Suppose y = 4*f - 10 + 38. What is n(f)?
8
Let c be ((-14)/(-8))/((-5)/(-4) - 1). Suppose -10*p - 30 = -c*p. Let a(j) = -j**2 - 10*j - 3. What is a(p)?
-3
Let x(n) = 6*n + 1267*n**2 + n - 1266*n**2 - 2. Let p = 14 + -22. What is x(p)?
6
Let i(v) be the first derivative of -v**2/2 - 6*v + 663. Let s be (4/4)/((-1)/(-5)). What is i(s)?
-11
Let d(o) be the second derivative of -o**3/6 + 11*o**2/2 - 2*o - 286. Determine d(4).
7
Let j(h) be the first derivative of 5*h**3/3 - h**2/2 - h + 96. Calculate j(-1).
5
Let w(g) = g**3 + 3*g**2 - 3*g + 5. Let r be 658/70 - 4/10. Let f be 8*(r/(-2) + 4). Determine w(f).
1
Let i(k) = -4*k + 31 - 14 - 15. Suppose j = 4*j - 9. What is i(j)?
-10
Suppose 62*r = 54*r - 112. Let p(z) = 2*z + 24. Determine p(r).
-4
Suppose 0 = 4*p + 2*v - 16, -5*p + 4*v + 1 = -6. Let h(g) = 3*g**3 - 3*g**2 - g. Calculate h(p).
51
Suppose -5*p + 5 = -x - 7, -2*x = -6. Let u(j) = -8*j**2 - 6*j**2 + j**p - 1 + 12*j**2 - j + 3*j. Determine u(1).
0
Suppose 21 = 3*p + 5*n, 0*p - 11 = 2*p - 5*n. Let x(z) = -z + p*z + 0*z. Let u be (-2)/(-5) - (-128)/80. Determine x(u).
2
Let h(t) = -21*t + 15*t + 8*t + 2 + 0*t. Suppose -3*g - 24 = 4*r + g, 2*r = -5*g - 24. Determine h(r).
-2
Suppose -11*v + 6*v = -30. Suppose -3*y + v*y = 0. Let w(b) = b + 2. Determine w(y).
2
Let u(t) = -t**2 + 19*t - 20. Let v(a) = -4*a - 54. Let q be v(-18). Calculate u(q).
-2
Let x(c) = -c**2 - 6*c - 3. Let g(a) = a**2 - 9*a - 8. Let r be g(9). Let z = r + 3. Calculate x(z).
2
Let x(f) = -6*f + 1. Let p = 13 + 26. Let r = 38 - p. Let j be (-8)/4 + r/(-1). What is x(j)?
7
Let f(d) = 10*d - 16*d**2 - d**3 - 21 - d**2 + 4 + 7*d. Let r be f(-18). Let z(b) = -6*b - 1. Calculate z(r).
-7
Let u(p) be the third derivative of -p**5/120 - 5*p**4/24 - 2*p**3 - 13*p**2. Let o(y) be the first derivative of u(y). Give o(-6).
1
Let t = 84 + -80. Let o(v) = 13*v - 4. Let j(x) = 4*x - 1. Suppose 4 = i + 11. Let w(c) = i*j(c) + 2*o(c). Give w(t).
-9
Let z(j) = -3*j + 1. Suppose 3*t + 9 = 0, -2*t = -s + 2*s + 13. Calculate z(s).
22
Let t(i) = -13*i + 6. Let g = 1082 + -1078. What is t(g)?
-46
Suppose -3*z + 84 - 81 = 0. Let v(w) = 2*w**2 + w. Calculate v(z).
3
Suppose 5*u = 4*q - 22, 2*u - 4*u = 3*q - 5. Suppose -5*r - 8 = -q. Let x(o) = 0*o**2 + 2*o**2 - 3*o**2 + 3 - 12*o**3 - 2. What is x(r)?
12
Let v(i) = i + 5. Let q(x) = 4 + 4*x - 10 - 6*x. Let k(o) = -3*q(o) - 4*v(o). What is k(3)?
4
Let l(s) = -s**3 - 6*s**2 - s - 7. Let p be (-2)/7 + 114/(-42). Let y(i) = i**3 + i**2 - 5*i - 2. Let w be y(p). Determine l(w).
-27
Suppose -2*m - 43 = -49, 5*j = -3*m + 49. Let f(q) = -2*q - 6. Determine f(j).
-22
Let i(u) = -13*u**3 + 5*u + 11. Let x(w) = 5*w**3 - w**2 - 3*w - 5. Let s(j) = 2*i(j) + 5*x(j). Let l be ((-6)/4)/(-1)*-2. Determine s(l).
-6
Suppose 1 + 8 = 3*g. Suppose 0 = -g*r - 13 - 5. Let y be r + -1*2/1. Let v(j) = j**2 + 8*j + 5. Determine v(y).
5
Let c = 38 + -37. Let y(m) = c + 0 + 4*m + m**3 - m - 3*m**2 - 3. Let n = 1 - -1. Calculate y(n).
0
Let k(n) = -n**2 + n + 2. Let z(g) = 4*g**2 + 5*g + 12. Let l(j) = 3*k(j) + z(j). Determine l(-4).
2
Let t be (4/(-6))/((-4)/(-18)). Let k(x) = -x**2 + 14*x + 1. Let z(f) = 6*f + 1. Let h(g) = 2*k(g) - 5*z(g). What is h(t)?
-15
Let k be (-12)/5 - 12/(-30) - -20. Let t(j) = 16 + k - 46 - 5*j + 13. What is t(-1)?
6
Let i(y) = y**3 + 7*y**2 + 9*y + 8. Let p = -74 + 68. What is i(p)?
-10
Let s(v) = -5*v**3 + 36*v**2 + 6*v - 37. Let m(i) = i**3 - 7*i**2 - i + 7. Let p(j) = 11*m(j) + 2*s(j). Give p(5).
8
Let c(g) = 3*g**2 + 6*g + 5. Suppose -2*n = -6 - 4. Suppose n*r = 3*r - 4. Let u(i) = 16*i**2 + 30*i + 24. Let y(d) = r*u(d) + 11*c(d). What is y(-5)?
2
Let m(x) = 3 + 0*x**2 + 3*x + 3*x**2 - 6*x**2. Suppose 0 = -5*d - 2*y - 8, 13 = -20*d + 15*d + 3*y. Determine m(d).
-15
Suppose 5*s - 4*p - 59 + 37 = 0, -s = -4*p - 14. Let g(u) = u**3 + 2*u - 4. Calculate g(s).
8
Let c = 1 - -2. Let w be c - (1/(-2) - (-2)/(-4)). Let q(y) = y**3 - 6*y**2 + 5*y + 3. Determine q(w).
-9
Suppose -3*f + 15 = 0, -k - 4*f - 24 = -9*f. Let a be 198/(-24) + k/4. Let l = a + 10. Let b(z) = -3*z. Give b(l).
-6
Let p(h) be the third derivative of h**6/120 + 7*h**5/60 + 7*h**4/24 + 2*h**3/3 + 3*h**2. Let q = -395 + 389. Calculate p(q).
-2
Let u(v) = -5*v + 19. Suppose 0 = i - 10 + 5. Determine u(i).
-6
Let o(y) = 47*y - 13*y - 19*y - 14*y + 9. Give o(-4).
5
Suppose o = 5*o - 20. Suppose -o*n = 2*s + 13, 0*n + 3*n + 10 = s. Let m(p) = -p**3 + 0 + 2 - 2*p - s + p**2. Give m(1).
-1
Let i(z) = 4 + 2*z**2 - 4*z**2 + 2*z**2 + 4*z - z**2. Suppose 2*j = 16 - 8. Determine i(j).
4
Let v be 2 + 8/3*279/(-62). Let w(r) = r**3 + 10*r**2 + 6. Give w(v).
6
Let n(v) = -8*v**3 + v**2 + v - 1. Let f(o) = -8 + o - 9 + 6*o**2 + o**3 + 4 - 10*o. Let c be f(-7). Calculate n(c).
-7
Suppose 6 = g - 2. Let l be ((-10)/g)/(3/(-12)). Let y(a) = 13*a - 9*a + 2 - l*a. Give y(-2).
4
Let m(j) be the first derivative of j**4/4 + 3*j**3 - j + 114. Determine m(-9).
-1
Suppose 5*u + 11 = 6*s - 10*s, s - 4*u = -8. Let d(q) be the first derivative of 5*q**2/2 + 4*q + 2. What is d(s)?
-16
Let v(m) = -m**3 + 5*m**2 + 6*m + 6. Let k = -150 - -154. Suppose 5*w + 5*z = 50, 5*w = 5*z - k*z + 26. Calculate v(w).
6
Suppose 34*s - 37*s - 4*f = 8, 2*s + 20 = f. Let b(q) = q**3 + 8*q**2 - 2*q - 7. Calculate b(s).
9
Suppose 25*k + 68 = 193. Let h(i) = -i - 2 + 2*i + 8. Give h(k).
11
Let i(z) = -z + 14. Let g(c) = -3*c + 11. Let p(x) = -g(x) + 6*i(x). Determine p(27).
-8
Let a(q) = 5*q**2 - 24*q + 35. Let h(z) = z**2 - 5*z + 7. Let f(d) = -2*a(d) + 11*h(d). Let i be ((-84)/105)/((21/(-30))/7). Give f(i).
15
Let w(j) = -j**2 - 7*j + 7. Let p(h) = -6*h**2 + 5*h - 6. Let t be p(1). Give w(t).
7
Let t(o) be the second derivative of -o**4/4 + o**3/2 + o**2/2 - 45*o - 1. Give t(3).
-17
Let c = -33 - -27. Let y(m) = -3*m - 2. Give y(c).
16
Suppose -9 = -10*d + 61. Let w(u) = -3*u - 1. Give w(d).
-22
Let d be -12 - 9/(99/(-55)). Let q(f) = -2*f - 15. Determine q(d).
-1
Let n(f) be the first derivative of -f**3/3 - f**2 + 6*f - 13. Let l(u) = u - 1. Let y(d) = 2*l(d) - n(d). Determine y(-6).
4
Let o(s) = -s**2 + 2*s + 2. Let u be o(-2). Let l be (1/3)/(6/7038). Let f(p) = -11 + 2 + 388*p - l*p. Give f(u).
9
Let m(h) = -h**2 - 7*h + 15. Let f(g) = 2*g**2 + 88*g + 75. Let y be f(-43). Give m(y).
-29
Let g(j) be the third derivative of -j**4/24 + 2*j**3 - 58*j**2. Give g(10).
2
Suppose 5*a = 4*s - 38, 19*s - 9 = 22*s. Let c(q) = -q**2 - 9*q - 11. Determine c(a).
-21
Let s be (-28)/(-10) + 1/5. Let c(a) = -5*a**3 + 15*a - 4. Let k(l) = -12*l**3 + 36*l - 8. Let p(q) = 7*c(q) - 3*k(q). Calculate p(s).
